.
2, 3, 1321
List the prime factors of 860.
2, 5, 43
What are the prime factors of 2144?
2, 67
What are the prime factors of 89662?
2, 127, 353
What are the prime factors of 8383?
83, 101
What are the prime factors of 37812?
2, 3, 23, 137
What are the prime factors of 46299?
3, 11, 23, 61
What are the prime factors of 1458?
2, 3
List the prime factors of 731.
17, 43
List the prime factors of 150570.
2, 3, 5, 7, 239
What are the prime factors of 8553?
3, 2851
What are the prime factors of 3348?
2, 3, 31
What are the prime factors of 684?
2, 3, 19
List the prime factors of 275.
5, 11
What are the prime factors of 29986?
2, 11, 29, 47
List the prime factors of 3563.
7, 509
List the prime factors of 118.
2, 59
What are the prime factors of 347?
347
List the prime factors of 51946.
2, 19, 1367
What are the prime factors of 1990?
2, 5, 199
What are the prime factors of 404?
2, 101
List the prime factors of 2295.
3, 5, 17
List the prime factors of 1583.
1583
List the prime factors of 2.
2
List the prime factors of 149.
149
List the prime factors of 1218.
2, 3, 7, 29
List the prime factors of 769.
769
List the prime factors of 4371.
3, 31, 47
List the prime factors of 21729.
3, 7243
What are the prime factors of 47235?
3, 5, 47, 67
What are the prime factors of 72847?
97, 751
List the prime factors of 1150.
2, 5, 23
List the prime factors of 47956.
2, 19, 631
What are the prime factors of 1480?
2, 5, 37
What are the prime factors of 943?
23, 41
List the prime factors of 4626.
2, 3, 257
List the prime factors of 1569.
3, 523
List the prime factors of 4223.
41, 103
List the prime factors of 1219.
23, 53
List the prime factors of 2057.
11, 17
List the prime factors of 45319.
45319
What are the prime factors of 15995?
5, 7, 457
List the prime factors of 217.
7, 31
What are the prime factors of 2550?
2, 3, 5, 17
List the prime factors of 2180.
2, 5, 109
What are the prime factors of 10224?
2, 3, 71
What are the prime factors of 4778?
2, 2389
List the prime factors of 1690.
2, 5, 13
List the prime factors of 91784.
2, 7, 11, 149
List the prime factors of 14013.
3, 173
What are the prime factors of 533?
13, 41
What are the prime factors of 2598?
2, 3, 433
What are the prime factors of 1898?
2, 13, 73
List the prime factors of 502.
2, 251
List the prime factors of 731.
17, 43
What are the prime factors of 1407?
3, 7, 67
What are the prime factors of 7895?
5, 1579
List the prime factors of 2681.
7, 383
What are the prime factors of 1295?
5, 7, 37
List the prime factors of 1265.
5, 11, 23
List the prime factors of 1200.
2, 3, 5
What are the prime factors of 64271?
64271
What are the prime factors of 25100?
2, 5, 251
What are the prime factors of 15639?
3, 13, 401
List the prime factors of 108027.
3, 4001
List the prime factors of 24311.
7, 23, 151
List the prime factors of 3871.
7, 79
List the prime factors of 5349.
3, 1783
What are the prime factors of 148370?
2, 5, 37, 401
What are the prime factors of 47638?
2, 23819
What are the prime factors of 556?
2, 139
List the prime factors of 209.
11, 19
What are the prime factors of 1070?
2, 5, 107
What are the prime factors of 23087?
23087
What are the prime factors of 1728?
2, 3
List the prime factors of 196450.
2, 5, 3929
List the prime factors of 6599.
6599
What are the prime factors of 18303?
3, 6101
What are the prime factors of 10479?
3, 7, 499
What are the prime factors of 37112?
2, 4639
List the prime factors of 2487.
3, 829
List the prime factors of 2423.
2423
List the prime factors of 1854.
2, 3, 103
List the prime factors of 103.
103
What are the prime factors of 1835?
5, 367
What are the prime factors of 8857?
17, 521
What are the prime factors of 57176?
2, 7, 1021
What are the prime factors of 12971?
7, 17, 109
List the prime factors of 12896.
2, 13, 31
List the prime factors of 3074.
2, 29, 53
List the prime factors of 51319.
19, 37, 73
List the prime factors of 8994.
2, 3, 1499
List the prime factors of 781.
11, 71
List the prime factors of 38060.
2, 5, 11, 173
What are the prime factors of 57714?
2, 3, 9619
List the prime factors of 1954.
2, 977
List the prime factors of 863.
863
List the prime factors of 2868.
2, 3, 239
List the prime factors of 101.
101
What are the prime factors of 4724?
2, 1181
What are the prime factors of 13772?
2, 11, 313
What are the prime factors of 866?
2, 433
List the prime factors of 25167.
3, 8389
List the prime factors of 41598.
2, 3, 2311
List the prime factors of 743.
743
List the prime factors of 499.
499
List the prime factors of 13543.
29, 467
List the prime factors of 15730.
2, 5, 11, 13
What are the prime factors of 81181?
81181
List the prime factors of 23731.
19, 1249
List the prime factors of 112265.
5, 22453
What are the prime factors of 12436?
2, 3109
What are the prime factors of 3445?
5, 13, 53
What are the prime factors of 129750?
2, 3, 5, 173
What are the prime factors of 115110?
2, 3, 5, 1279
What are the prime factors of 1405?
5, 281
What are the prime factors of 1832?
2, 229
What are the prime factors of 6316?
2, 1579
List the prime factors of 4964.
2, 17, 73
List the prime factors of 66336.
2, 3, 691
What are the prime factors of 15611?
67, 233
List the prime factors of 28005.
3, 5, 1867
List the prime factors of 145759.
145759
What are the prime factors of 3556?
2, 7, 127
What are the prime factors of 6422?
2, 13, 19
List the prime factors of 68736.
2, 3, 179
What are the prime factors of 7195?
5, 1439
What are the prime factors of 70?
2, 5, 7
List the prime factors of 28658.
2, 7, 23, 89
What are the prime factors of 5690?
2, 5, 569
What are the prime factors of 15192?
2, 3, 211
List the prime factors of 2368.
2, 37
List the prime factors of 2269.
2269
What are the prime factors of 2700?
2, 3, 5
What are the prime factors of 18019?
37, 487
List the prime factors of 708.
2, 3, 59
List the prime factors of 15095.
5, 3019
What are the prime factors of 5477?
5477
What are the prime factors of 610?
2, 5, 61
List the prime factors of 7303.
67, 109
What are the prime factors of 2541?
3, 7, 11
What are the prime factors of 2813?
29, 97
List the prime factors of 879.
3, 293
What are the prime factors of 1335?
3, 5, 89
What are the prime factors of 13197?
3, 53, 83
What are the prime factors of 116611?
11, 10601
What are the prime factors of 1593?
3, 59
What are the prime factors of 16913?
13, 1301
List the prime factors of 2115.
3, 5, 47
What are the prime factors of 13721?
13721
What are the prime factors of 114324?
2, 3, 7, 1361
List the prime factors of 22136.
2, 2767
List the prime factors of 47710.
2, 5, 13, 367
List the prime factors of 41160.
2, 3, 5, 7
List the prime factors of 3455.
5, 691
What are the prime factors of 2491?
47, 53
What are the prime factors of 1313?
13, 101
What are the prime factors of 10263?
3, 11, 311
List the prime factors of 1363.
29, 47
List the prime factors of 539.
7, 11
What are the prime factors of 313?
313
What are the prime factors of 59270?
2, 5, 5927
What are the prime factors of 12238?
2, 29, 211
List the prime factors of 539.
7, 11
What are the prime factors of 9761?
43, 227
List the prime factors of 27524.
2, 7, 983
List the prime factors of 758.
2, 379
List the prime factors of 5300.
2, 5, 53
List the prime factors of 13008.
2, 3, 271
List the prime factors of 5067.
3, 563
What are the prime factors of 2446?
2, 1223
What are the prime factors of 38656?
2, 151
List the prime factors of 455.
5, 7, 13
What are the prime factors of 32316?
2, 3, 2693
What are the prime factors of 32397?
3, 10799
List the prime factors of 3163.
3163
What are the prime factors of 14635?
5, 2927
List the prime factors of 3373.
3373
What are the prime factors of 17145?
3, 5, 127
List the prime factors of 315.
3, 5, 7
List the prime factors of 1253.
7, 179
List the prime factors of 6130.
2, 5, 613
What are the prime factors of 85533?
3, 7, 4073
List the prime factors of 1043.
7, 149
List the prime factors of 44.
2, 11
List the prime factors of 92428.
2, 7, 3301
List the prime factors of 2052.
2, 3, 19
List the prime factors of 7163.
13, 19, 29
What are the prime factors of 9150?
2, 3, 5, 61
List the prime factors of 101.
101
List the prime factors of 49444.
2, 47, 263
What are the prime factors of 16140?
2, 3, 5, 269
List the prime f